 31024?
4
What is the thousands digit of 62959?
2
What is the tens digit of 3663?
6
What is the thousands digit of 48710?
8
What is the units digit of 49906?
6
What is the units digit of 330?
0
What is the thousands digit of 20949?
0
What is the units digit of 10110?
0
What is the hundreds digit of 1740?
7
What is the thousands digit of 56833?
6
What is the hundreds digit of 4320?
3
What is the hundreds digit of 6556?
5
What is the tens digit of 3291?
9
What is the hundreds digit of 18538?
5
What is the units digit of 1663?
3
What is the tens digit of 553?
5
What is the tens digit of 11241?
4
What is the hundreds digit of 4912?
9
What is the tens digit of 8723?
2
What is the units digit of 80905?
5
What is the hundreds digit of 2073?
0
What is the tens digit of 56832?
3
What is the hundreds digit of 863?
8
What is the tens digit of 72427?
2
What is the units digit of 4898?
8
What is the hundreds digit of 1996?
9
What is the hundreds digit of 443?
4
What is the tens digit of 54424?
2
What is the hundreds digit of 8646?
6
What is the thousands digit of 9347?
9
What is the units digit of 175?
5
What is the hundreds digit of 3378?
3
What is the ten thousands digit of 15794?
1
What is the tens digit of 13197?
9
What is the tens digit of 523?
2
What is the thousands digit of 40339?
0
What is the tens digit of 1887?
8
What is the tens digit of 2794?
9
What is the thousands digit of 29183?
9
What is the hundreds digit of 364?
3
What is the units digit of 355?
5
What is the units digit of 8684?
4
What is the tens digit of 9336?
3
What is the tens digit of 131?
3
What is the thousands digit of 7426?
7
What is the thousands digit of 1253?
1
What is the units digit of 1940?
0
What is the units digit of 110?
0
What is the units digit of 6180?
0
What is the hundreds digit of 2748?
7
What is the thousands digit of 15922?
5
What is the units digit of 130?
0
What is the tens digit of 1435?
3
What is the thousands digit of 1143?
1
What is the tens digit of 3972?
7
What is the units digit of 2008?
8
What is the units digit of 59153?
3
What is the tens digit of 3450?
5
What is the tens digit of 431?
3
What is the thousands digit of 18558?
8
What is the hundreds digit of 421?
4
What is the thousands digit of 17078?
7
What is the tens digit of 469?
6
What is the thousands digit of 7558?
7
What is the hundreds digit of 734?
7
What is the thousands digit of 104625?
4
What is the units digit of 19342?
2
What is the tens digit of 995?
9
What is the thousands digit of 102055?
2
What is the tens digit of 415?
1
What is the units digit of 33093?
3
What is the units digit of 8939?
9
What is the hundreds digit of 732?
7
What is the thousands digit of 1473?
1
What is the thousands digit of 1808?
1
What is the units digit of 39407?
7
What is the thousands digit of 10217?
0
What is the tens digit of 6716?
1
What is the hundreds digit of 1322?
3
What is the thousands digit of 6794?
6
What is the units digit of 11785?
5
What is the units digit of 1208?
8
What is the hundreds digit of 1096?
0
What is the ten thousands digit of 67061?
6
What is the hundreds digit of 5080?
0
What is the units digit of 4410?
0
What is the ten thousands digit of 50302?
5
What is the tens digit of 949?
4
What is the ten thousands digit of 21616?
2
What is the hundreds digit of 1008?
0
What is the units digit of 3372?
2
What is the tens digit of 80043?
4
What is the tens digit of 28177?
7
What is the thousands digit of 5960?
5
What is the thousands digit of 3997?
3
What is the thousands digit of 2756?
2
What is the tens digit of 6630?
3
What is the tens digit of 152?
5
What is the units digit of 139?
9
What is the hundreds digit of 37423?
4
What is the tens digit of 35305?
0
What is the units digit of 779?
9
What is the units digit of 2820?
0
What is the ten thousands digit of 10929?
1
What is the tens digit of 425?
2
What is the thousands digit of 1935?
1
What is the tens digit of 63487?
8
What is the tens digit of 8609?
0
What is the tens digit of 672?
7
What is the hundreds digit of 412?
4
What is the units digit of 7003?
3
What is the tens digit of 34106?
0
What is the units digit of 11932?
2
What is the units digit of 25147?
7
What is the units digit of 1787?
7
What is the thousands digit of 8402?
8
What is the units digit of 9874?
4
What is the tens digit of 5268?
6
What is the units digit of 19935?
5
What is the units digit of 8948?
8
What is the thousands digit of 31016?
1
What is the units digit of 2481?
1
What is the thousands digit of 16983?
6
What is the units digit of 603?
3
What is the units digit of 1923?
3
What is the tens digit of 42022?
2
What is the units digit of 774?
4
What is the hundreds digit of 2393?
3
What is the thousands digit of 3661?
3
What is the hundreds digit of 1706?
7
What is the tens digit of 2434?
3
What is the thousands digit of 1318?
1
What is the hundreds digit of 3335?
3
What is the hundreds digit of 3376?
3
What is the thousands digit of 2632?
2
What is the units digit of 1934?
4
What is the tens digit of 86?
8
What is the tens digit of 2394?
9
What is the units digit of 11067?
7
What is the ten thousands digit of 56598?
5
What is the units digit of 1626?
6
What is the units digit of 3774?
4
What is the ten thousands digit of 14541?
1
What is the hundred thousands digit of 112199?
1
What is the tens digit of 15704?
0
What is the tens digit of 93338?
3
What is the hundreds digit of 2706?
7
What is the units digit of 1963?
3
What is the hundreds digit of 138?
1
What is the ten thousands digit of 19353?
1
What is the tens digit of 6278?
7
What is the thousands digit of 6332?
6
What is the thousands digit of 29639?
9
What is the tens digit of 2689?
8
What is the tens digit of 4778?
7
What is the thousands digit of 3840?
3
What is the hundreds digit of 2048?
0
What is the thousands digit of 16434?
6
What is the tens digit of 12265?
6
What is the units digit of 77512?
2
What is the thousands digit of 75157?
5
What is the units digit of 339?
9
What is the thousands digit of 2279?
2
What is the thousands digit of 63185?
3
What is the units digit of 5690?
0
What is the thousands digit of 8334?
8
What is the units digit of 372?
2
What is the tens digit of 226?
2
What is the hundreds digit of 269?
2
What is the units digit of 1373?
3
What is the units digit of 27?
7
What is the units digit of 392?
2
What is the units digit of 23?
3
What is the tens digit of 625?
2
What is the tens digit of 39551?
5
What is the thousands digit of 21621?
1
What is the thousands digit of 1369?
1
What is the thousands digit of 2646?
2
What is the ten thousands digit of 141775?
4
What is the units digit of 8774?
4
What is the units digit of 9822?
2
What is the hundreds digit of 2098?
0
What is the units digit of 97061?
1
What is the units digit of 22743?
3
What is the tens digit of 862?
6
What is the tens digit of 638?
3
What is the tens digit of 11620?
2
What is the thousands digit of 1112?
1
What is the hundreds digit of 2006?
0
What is the units digit of 508?
8
What is the tens digit of 2262?
6
What is the ten thousands digit of 31899?
3
What is the hundreds digit of 6007?
0
What is the tens digit of 58964?
6
What is the hundreds digit of 66914?
9
What is the ten thousands digit of 27199?
2
What is the thousands digit of 1281?
1
What is the hundreds digit of 13342?
3
What is the hundreds digit of 71920?
9
What is the units digit of 33813?
3
What is the ten thousands digit of 55286?
5
What is the tens digit of 732?
3
What is the hundreds digit of 582?
5
What is the tens digit of 1320?
2
What is the hundreds digit of 65759?
7
What is the units digit of 86042?
2
What is the thousands digit of 25620?
5
What is the hundreds digit of 1368?
3
What is the thousands digit of 1787?
1
What is the tens digit of 4084?
8
What is the hundreds digit of 11099?
0
What is the units digit of 94516?
6
What is the tens digit of 1138?
3
What is the hundreds digit of 36577?
5
What is the tens digit of 12?
1
What is the ten thousands digit of 102607?
0
What is the units digit of 2061?
1
What is the units digit of 24100?
0
What is the units digit of 134349?
9
What is the units digit of 950?
0
What is the ten thousands digit of 23526?
2
What is the hundreds digit of 394?
3
What is the tens digit of 530?
3
What i